 -33*(-3)/((-27)/6). Let a = -13 - f. What is the units digit of a?
9
Let v = 13 + -9. Suppose -v = m - 3. What is the units digit of 1/((m + 2)/12)?
2
Let m(a) be the first derivative of -a**2/2 + 4*a + 6. Suppose 3*u + u + 32 = 0. What is the units digit of m(u)?
2
Let i(x) = -x**3 - 5*x**2 + 5*x - 6. Let v be i(-6). Suppose -3*d = -v*d - 33. What is the units digit of d?
1
Let h = -4 - -7. Let g(l) = -9*l**3 - 2*l**2 + 1. Let a be g(-2). Suppose -a = -h*p - 2*p. What is the tens digit of p?
1
Let y(x) = 5 + x + 0*x + 6. Let k be y(-8). Suppose 3*m = k*j, 2*j = -3 + 11. What is the units digit of m?
4
Suppose w = 0, 15 = 5*o - 4*o + w. Let x = -6 + o. What is the units digit of x?
9
Let v = -6 - 0. Let i = v + 14. What is the units digit of i?
8
Suppose -2*p = 3*x - 664, -11*x - 3*p + 669 = -8*x. What is the hundreds digit of x?
2
Suppose 8*s - 2464 = -0*s. What is the tens digit of s?
0
Let v(s) = s**2 - 2*s - 4. Let w be 1 + -3 + -4 + 11. Suppose w*k + 4 = b, -b + 4 + 0 = -k. What is the units digit of v(b)?
4
Suppose 0 = -0*d + d - 3. Suppose 0 = -2*y, d*y = 5*b - 0*y - 55. What is the tens digit of b?
1
Let q(m) = m**3 + 5*m**2 + 5*m + 6. Suppose 3*d - 21 + 1 = 5*i, 5*d - 16 = 4*i. Let b be q(i). What is the tens digit of ((0 - b)*5)/(-1)?
1
Let t(v) be the third derivative of v**6/120 - v**5/6 + 11*v**4/24 + 5*v**3/3 + v**2. Let o be t(9). What is the tens digit of 4/(-14) - (-372)/o?
1
Suppose o + 3*o = 4, v = 5*o + 38. What is the tens digit of v?
4
Let b be ((0/(-3))/(-4))/(-2). Let f = b - -21. What is the units digit of f?
1
Suppose -15 = -5*k + i, 5*k - 2*k - 7 = i. Let s = 7 - k. Suppose 0 = -3*o + s*z, o = 3*o + 3*z - 15. What is the units digit of o?
3
Suppose -3*k + 5 = -4. Suppose 87 = 3*b + k*g, -g - 112 = -3*b - 33. What is the tens digit of b?
2
Let n = -49 + 83. What is the tens digit of n?
3
Suppose 9*w = 4*w + 75. Let m = w - 8. What is the units digit of m?
7
Suppose 0 = 5*p + 3*w - 24, -7 - 8 = -5*w. Let a(f) = p*f + 0*f - 6 - 2*f. What is the units digit of a(8)?
2
Suppose 15*j + 30 = 10*j. Let g(u) = -u**2 - 5*u + 13. What is the units digit of g(j)?
7
Let u be 388/(-14) - (-12)/(-42). Let k = u + 46. What is the units digit of k?
8
Let c = 329 + -134. What is the hundreds digit of c?
1
Let t(a) = -a - 9. Let s be t(-11). Let n be 3/(-1) + (s - 4). Let v(z) = -z**3 - 5*z**2 - 3*z - 1. What is the units digit of v(n)?
4
Let z(t) = t**3 + t**2 - 2*t + 2. Let l be z(-2). Suppose -3*s = -9, 0 = -2*p - l*p + 2*s + 158. What is the tens digit of p?
4
What is the tens digit of (-2)/4 - ((-3390)/12)/5?
5
Let l = 778 + -517. What is the units digit of l?
1
Let s(v) = 3*v + 10. Let j be s(8). Let c = 48 - j. What is the units digit of c?
4
What is the units digit of ((-18)/(-10))/(-3)*-5?
3
Suppose -2*a + 12 = 6. Suppose 2*m - 10 = -a*m. What is the units digit of m?
2
Let j be 218/5 - 4/(-10). Let w be j*((-10)/4 - -3). Suppose 4*l = 3*m - 16, 2*m + l - w = -2*l. What is the units digit of m?
8
Suppose -5*w - 23 = -2*l - 3, l - 3*w = 11. Let r(g) = g + 5. Let v be r(-7). Let u = l - v. What is the units digit of u?
7
Let c be 2 + 0 + 1 + -2. Let j(d) = 4*d**3 + d. Let u be j(1). Suppose -o + 4*v + c = 3*v, -2*v = -u*o + 11. What is the units digit of o?
3
Let n = 4 + -1. Suppose -5*o = -25, -2*z - 4*o = -n*z + 10. What is the tens digit of z?
3
Suppose 2*z + 236 = -n, z + 4*n + 39 = -93. What is the tens digit of ((-1)/2)/(2/z)?
2
Let z(v) = 4*v**2 - 6*v - 9. What is the tens digit of z(10)?
3
Let v(w) = -6*w - 5. What is the units digit of v(-9)?
9
Let q(l) = l**2 - l - 13. What is the units digit of q(5)?
7
Let t(r) = -6*r - 6. What is the tens digit of t(-7)?
3
Let f(l) = l**2 - 11*l + 13. Let k(m) = m**2 - 2*m - 4. Let o be k(5). What is the tens digit of f(o)?
1
Let h(t) = t**3 - 6*t**2 + 4*t - 9. Let n = -5 + 11. What is the tens digit of h(n)?
1
Let f(c) = 8*c - 1. What is the tens digit of f(7)?
5
Let g(f) = 5*f**2 + 7*f + 11. What is the tens digit of g(5)?
7
Let y = -13 - -54. What is the tens digit of y?
4
Suppose 0 = 2*m, 5*m + 46 = b - 18. What is the tens digit of b?
6
Let a(b) = 7*b**3 + b. What is the units digit of a(2)?
8
Let s be 9 + -3 + 1 + 2. What is the units digit of (-3)/s + (-84)/(-9)?
9
Suppose -5*x + 0*x - 24 = -4*v, 0 = 3*v - 5*x - 18. What is the units digit of v?
6
Suppose 5*k + 2*a + 4667 = 0, -3*a + 6*a - 4687 = 5*k. What is the tens digit of (-4)/(-14) - k/35?
2
Let c be (20/2*-1)/1. Let h(u) = u**3 - 4*u**2 + 4*u + 2. Let n be h(4). Let t = n + c. What is the units digit of t?
8
Let l be (-8)/28 + (-1128)/(-28). Suppose 5*q - j = 188, j - l = -q - 0*j. What is the tens digit of q?
3
Let j = 63 - 24. What is the units digit of j?
9
Suppose -o = 2*o - 3. Suppose 3*g = -3*j + 15, -g - 2 - o = -j. Suppose 2*q - 6*q = -j. What is the units digit of q?
1
Let i(r) = 12*r + 8. Let h(p) = -6*p - 4. Let c(y) = -5*h(y) - 3*i(y). Let s be c(-10). Suppose -3*k - 17 = -s. What is the units digit of k?
3
Suppose -k = a - 1, 4*a - 3 = 2*k + 1. Suppose k = 3*g - g + 72. Let x = g - -50. What is the units digit of x?
4
Let a(g) be the second derivative of g**3/6 - g**2/2 - 2*g. Let o be a(4). Suppose -o*i + 20 = 2*i. What is the units digit of i?
4
Let x = 1 + 4. Suppose -3*o - w = -2*o - 5, -x*o + 5*w + 55 = 0. What is the units digit of o?
8
Suppose 0 = 2*m - 11 - 21. What is the units digit of m?
6
Let f = 23 + -4. Let q = f + -2. What is the tens digit of q?
1
Let o(c) be the first derivative of 2*c**3 + c + 3. What is the units digit of o(-1)?
7
Let r(x) = x**2 - 9*x - 6. Let a be r(9). What is the tens digit of (-2)/6 + (-86)/a?
1
Suppose 0 = 4*a + 2*r - 434, -5*a + 110 + 416 = -3*r. What is the hundreds digit of a?
1
Let p(f) = 36*f - 41. Let i(z) = -7*z + 8. Suppose 2*v - 5 = -27. Let u(m) = v*i(m) - 2*p(m). What is the units digit of u(4)?
4
Let z(d) = -d**3 - 9*d**2 - 9*d - 5. Let u be z(-8). Let w = 3 - u. Suppose l + 23 = 4*v - 0*l, w = 4*v + 2*l - 14. What is the units digit of v?
5
Let p be (-40)/(-12)*3/2. Suppose p*d - 8 = -28. What is the units digit of (60/(-35))/(d/42)?
8
What is the tens digit of 3/12 - (-355)/20?
1
Suppose 208 = 4*c + 5*s, -2*c + s + 104 = 2*s. Suppose -c = -5*o + 3*o. What is the units digit of o?
6
Suppose 2*h = 2*o + 3*o - 74, -2*o + 3*h + 23 = 0. Suppose -k - 6 = -3*j + 2*k, 3*k = 5*j - o. What is the units digit of j?
5
Let w be 3/1 + -5 + 4. Suppose -w*s + 4 = 10. Let q = 4 + s. What is the units digit of q?
1
Suppose 0 = 3*b - 5*b + 60. What is the units digit of b?
0
Let a(g) = -2*g**3 + 4*g**2 - 2*g + 18. Let s(c) = -3*c**3 + 5*c**2 - 3*c + 19. Let h(d) = 4*a(d) - 3*s(d). What is the tens digit of h(0)?
1
Let j(z) = 17*z - 7. Let a be j(5). Suppose -18 = 4*l + a. What is the units digit of (l/(-16))/(1/10)?
5
Let t = 0 + -6. Let i = t + 15. Suppose -4*p - 25 = -i*p. What is the units digit of p?
5
Let s be (5/3)/(2/(-12)). Let z = 8 + s. Let y = 22 + z. What is the tens digit of y?
2
Let y(t) = t**3 + 7*t**2 + 6*t - 6. What is the units digit of y(-5)?
4
Let d be 4/((-8)/(-6)) + 0. Suppose d*t = -2*t + 35. Let x = t + 4. What is the tens digit of x?
1
Let u be (-1 - 3/(-2))*62. Let o = u - 13. Suppose -4*h + o = 3*n, -n + 3*h = n - 12. What is the units digit of n?
6
Let d(n) = -2*n - 15. Let l be d(-11). Let t(r) = -r + 2 + 12 - 1. What is the units digit of t(l)?
6
Let t be (-1 + -3)*(-1)/2. Let k(p) = p + 17. Let n be k(-7). Suppose 3*u - 22 = 4*i, 2*i + n = u - t*i. What is the units digit of u?
6
Let o(v) = 5*v**3 - v**2 + 1. Let f be o(1). Suppose 70 = f*c + 4*d - d, 4*c + 2*d = 58. What is the tens digit of c?
1
Suppose -3*y = -5*b - 16, -4*b - 12 = -b - y. Let h = 15 + b. Suppose 2*q - h = q. What is the tens digit of q?
1
Let g be (6/8)/((-2)/(-24)). Let l = g - -3. What is the units digit of l?
2
Suppose -8*l = -3*l - 15. What is the units digit of 1/(3/l) - -17?
8
Let u(k) be the third derivative of -k**5/60 - 5*k**4/12 - 5*k**3/6 - 4*k**2. What is the units digit of u(-7)?
6
Suppose 7*t + 38 - 311 = 0. What is the units digit of t?
9
Let n(z) = z**3 + 6*z**2 + 3*z + 4. Let x be n(-6). Let h = 25 + x. What is the units digit of h?
1
Suppose -4*v + 63 = -49. What is the tens digit of v?
2
Suppose -10*f + 256 = -6*f. What is the units digit of f?
4